en 89880615 is divided by 181577?
0
What is the remainder when 145766541 is divided by 3467?
3460
What is the remainder when 20914 is divided by 5882?
3268
What is the remainder when 3801523 is divided by 2411?
1787
What is the remainder when 155958 is divided by 1471?
32
Calculate the remainder when 42044 is divided by 1229.
258
Calculate the remainder when 985849 is divided by 121.
62
What is the remainder when 11643100 is divided by 3881031?
7
What is the remainder when 2177441 is divided by 14325?
41
Calculate the remainder when 9985929 is divided by 4.
1
Calculate the remainder when 16588 is divided by 11827.
4761
What is the remainder when 40070 is divided by 13263?
281
What is the remainder when 607116 is divided by 604?
96
Calculate the remainder when 527801 is divided by 21987.
113
What is the remainder when 12796196 is divided by 123?
14
Calculate the remainder when 462963 is divided by 147.
60
Calculate the remainder when 3324047 is divided by 22309.
6
Calculate the remainder when 605558 is divided by 8777.
8722
Calculate the remainder when 264538 is divided by 88167.
37
What is the remainder when 2941353 is divided by 1115?
1098
Calculate the remainder when 14312226 is divided by 14312178.
48
Calculate the remainder when 307037 is divided by 489.
434
What is the remainder when 9038558 is divided by 821687?
1
What is the remainder when 19059 is divided by 637?
586
What is the remainder when 70081948 is divided by 196?
188
Calculate the remainder when 65243750 is divided by 20.
10
Calculate the remainder when 232409815 is divided by 7497090.
25
Calculate the remainder when 256172 is divided by 63934.
436
Calculate the remainder when 158533 is divided by 266.
263
What is the remainder when 295374 is divided by 19689?
39
Calculate the remainder when 332288 is divided by 368.
352
Calculate the remainder when 698336 is divided by 4661.
3847
What is the remainder when 1148 is divided by 1128?
20
Calculate the remainder when 341895 is divided by 6215.
70
What is the remainder when 2534561 is divided by 1102?
1063
What is the remainder when 2198169 is divided by 16?
9
What is the remainder when 196359661 is divided by 43?
32
Calculate the remainder when 50862117 is divided by 1039.
989
Calculate the remainder when 418216 is divided by 29869.
50
Calculate the remainder when 236334429 is divided by 1698.
1695
Calculate the remainder when 8669148 is divided by 775.
773
Calculate the remainder when 3312036 is divided by 2051.
1722
Calculate the remainder when 5354650 is divided by 3216.
10
Calculate the remainder when 20285015 is divided by 6761659.
38
What is the remainder when 68074 is divided by 390?
214
Calculate the remainder when 466733 is divided by 233347.
39
Calculate the remainder when 115468284 is divided by 129.
126
What is the remainder when 55566 is divided by 18192?
990
What is the remainder when 932316 is divided by 1044?
24
Calculate the remainder when 641327806 is divided by 132.
130
What is the remainder when 18029890 is divided by 860?
850
Calculate the remainder when 59014035 is divided by 222.
219
Calculate the remainder when 20703306 is divided by 1104.
1098
What is the remainder when 31837856 is divided by 11?
6
Calculate the remainder when 153093 is divided by 606.
381
What is the remainder when 442521 is divided by 517?
486
What is the remainder when 26812 is divided by 10785?
5242
What is the remainder when 612127599 is divided by 980?
979
Calculate the remainder when 2160005 is divided by 42339.
716
Calculate the remainder when 809764 is divided by 410.
14
What is the remainder when 1478123 is divided by 51?
41
What is the remainder when 70343 is divided by 66720?
3623
Calculate the remainder when 1483427 is divided by 247230.
47
What is the remainder when 95548 is divided by 15754?
1024
Calculate the remainder when 6339921 is divided by 58.
57
Calculate the remainder when 1083854 is divided by 292.
242
Calculate the remainder when 1554697 is divided by 1287.
1
Calculate the remainder when 24882854 is divided by 5694.
74
Calculate the remainder when 106602493 is divided by 1456.
1453
Calculate the remainder when 169638 is divided by 499.
477
What is the remainder when 2269893 is divided by 4901?
730
Calculate the remainder when 93422 is divided by 554.
350
Calculate the remainder when 34888 is divided by 124.
44
Calculate the remainder when 9802779 is divided by 22279.
19
What is the remainder when 601167 is divided by 41?
25
Calculate the remainder when 62282948 is divided by 9943.
9939
What is the remainder when 31652 is divided by 14710?
2232
Calculate the remainder when 3365015 is divided by 1233.
158
What is the remainder when 11712788 is divided by 7451?
7267
Calculate the remainder when 14200 is divided by 272.
56
What is the remainder when 58997990 is divided by 223?
218
What is the remainder when 3395190 is divided by 89347?
4
Calculate the remainder when 51154 is divided by 3101.
1538
What is the remainder when 26645 is divided by 3802?
31
Calculate the remainder when 111620945 is divided by 4293113.
7
Calculate the remainder when 25029193 is divided by 2.
1
What is the remainder when 67066 is divided by 33359?
348
Calculate the remainder when 3652673 is divided by 5543.
5379
What is the remainder when 1142104 is divided by 163?
126
Calculate the remainder when 409118 is divided by 2727.
68
What is the remainder when 878773281 is divided by 1908?
1905
What is the remainder when 8134627 is divided by 37?
29
What is the remainder when 1897158 is divided by 111593?
77
What is the remainder when 354484 is divided by 70848?
244
What is the remainder when 48007 is divided by 1533?
484
Calculate the remainder when 451266837 is divided by 40.
37
What is the remainder when 4049520 is divided by 35211?
255
Calculate the remainder when 109778 is divided by 2080.
1618
What is the remainder when 27412453 is divided by 27412443?
10
Calculate the remainder when 1131026 is divided by 552.
530
Calculate the remainder when 2142699 is divided by 36311.
350
What is the remainder when 2579202 is divided by 1943?
841
Calculate the remainder when 201379328 is divided by 132.
128
What is the remainder when 115982 is divided by 8282?
34
Calculate the remainder when 954792 is divided by 106081.
63
What is the remainder when 194939122 is divided by 113?
110
Calculate the remainder when 7147944 is divided by 296.
136
What is the remainder when 737668 is divided by 245756?
400
What is the remainder when 129981976 is divided by 6538?
6536
What is the remainder when 302292 is divided by 325?
42
Calculate the remainder when 245271 is divided by 122475.
321
What is the remainder when 55750 is divided by 1609?
1044
Calculate the remainder when 31082 is divided by 575.
32
What is the remainder when 195764 is divided by 5499?
3299
What is the remainder when 2470994 is divided by 3132?
2978
What is the remainder when 5276193 is divided by 15?
3
Calculate the remainder when 73950334 is divided by 128.
126
Calculate the remainder when 1715 is divided by 874.
841
Calculate the remainder when 1132209 is divided by 194.
25
Calculate the remainder when 491573 is divided by 400.
373
Calculate the remainder when 3200711 is divided by 312.
215
Calculate the remainder when 28343 is divided by 13698.
947
What is the remainder when 66 is divided by 11?
0
Calculate the remainder when 24727 is divided by 194.
89
What is the remainder when 4307189 is divided by 166?
153
What is the remainder when 1181266 is divided by 90866?
8
Calculate the remainder when 3654452 is divided by 114201.
20
What is the remainder when 2795158 is divided by 1281?
16
Calculate the remainder when 500231 is divided by 120.
71
What is the remainder when 135865705 is divided by 15?
10
Calculate the remainder when 38301035 is divided by 19.
18
What is the remainder when 5243780 is divided by 1029?
1025
What is the remainder when 10455657 is divided by 21?
9
Calculate the remainder when 94048095 is divided by 379.
3
Calculate the remainder when 200030 is divided by 23.
22
Calculate the remainder when 24505 is divided by 115.
10
Calculate the remainder when 136078910 is divided by 376.
374
Calculate the remainder when 41367 is divided by 3442.
63
Calculate the remainder when 1089141